 millions digit of 528724242?
2
What is the units digit of 500509897?
7
What is the ten millions digit of 207644578?
0
What is the millions digit of 1919317789?
9
What is the hundreds digit of 53273472?
4
What is the units digit of 665582035?
5
What is the tens digit of 251478948?
4
What is the units digit of 76536383?
3
What is the ten millions digit of 374526924?
7
What is the units digit of 2814438417?
7
What is the ten millions digit of 360502187?
6
What is the hundred thousands digit of 616882381?
8
What is the millions digit of 47049305?
7
What is the hundred thousands digit of 98547966?
5
What is the ten thousands digit of 245559839?
5
What is the ten millions digit of 32655893?
3
What is the ten thousands digit of 28083573?
8
What is the ten thousands digit of 8653550?
5
What is the ten thousands digit of 49723707?
2
What is the thousands digit of 67716956?
6
What is the ten millions digit of 21874400?
2
What is the hundreds digit of 1683025036?
0
What is the units digit of 77020880?
0
What is the ten millions digit of 52457634?
5
What is the units digit of 34342088?
8
What is the thousands digit of 10052531?
2
What is the thousands digit of 11774960?
4
What is the units digit of 200600748?
8
What is the thousands digit of 23635045?
5
What is the hundred thousands digit of 2937533851?
5
What is the ten thousands digit of 189718380?
1
What is the tens digit of 166881689?
8
What is the thousands digit of 71931985?
1
What is the tens digit of 1403291282?
8
What is the thousands digit of 33411045?
1
What is the ten thousands digit of 904827918?
2
What is the hundred millions digit of 5510837873?
5
What is the thousands digit of 220040518?
0
What is the hundred thousands digit of 64615591?
6
What is the millions digit of 146405707?
6
What is the tens digit of 1615733149?
4
What is the units digit of 2509766081?
1
What is the ten millions digit of 162066732?
6
What is the hundred thousands digit of 190283506?
2
What is the thousands digit of 23715627?
5
What is the thousands digit of 73165892?
5
What is the thousands digit of 289713565?
3
What is the tens digit of 770987245?
4
What is the tens digit of 844831411?
1
What is the millions digit of 747490348?
7
What is the tens digit of 5097738384?
8
What is the units digit of 325612066?
6
What is the ten millions digit of 914590454?
1
What is the thousands digit of 2731369101?
9
What is the hundreds digit of 354184888?
8
What is the ten thousands digit of 7182268?
8
What is the hundred millions digit of 1316054725?
3
What is the units digit of 114743251?
1
What is the thousands digit of 110094846?
4
What is the thousands digit of 3222555096?
5
What is the millions digit of 33580469?
3
What is the tens digit of 976345880?
8
What is the hundred millions digit of 767314480?
7
What is the hundreds digit of 97411351?
3
What is the units digit of 2288701451?
1
What is the ten millions digit of 203166739?
0
What is the hundreds digit of 3029052?
0
What is the millions digit of 28060819?
8
What is the ten thousands digit of 163076729?
7
What is the units digit of 105437401?
1
What is the hundred millions digit of 2071610626?
0
What is the ten millions digit of 65464192?
6
What is the ten thousands digit of 25358645?
5
What is the hundreds digit of 2125903515?
5
What is the tens digit of 9108856?
5
What is the hundred thousands digit of 3868374778?
3
What is the ten millions digit of 111074468?
1
What is the hundred millions digit of 2718808182?
7
What is the units digit of 11332175?
5
What is the millions digit of 1520524791?
0
What is the ten millions digit of 9066062063?
6
What is the hundred millions digit of 5482445745?
4
What is the ten millions digit of 971483967?
7
What is the thousands digit of 2260062150?
2
What is the hundred thousands digit of 2112754104?
7
What is the hundred thousands digit of 69669592?
6
What is the ten thousands digit of 251989841?
8
What is the billions digit of 4406768659?
4
What is the millions digit of 32550994?
2
What is the units digit of 3814392988?
8
What is the units digit of 32971404?
4
What is the millions digit of 45154167?
5
What is the thousands digit of 93196892?
6
What is the millions digit of 403167771?
3
What is the tens digit of 460376?
7
What is the units digit of 1395448841?
1
What is the ten millions digit of 32357998?
3
What is the thousands digit of 5904946245?
6
What is the billions digit of 1813719416?
1
What is the thousands digit of 2923257736?
7
What is the thousands digit of 35656445?
6
What is the millions digit of 57282711?
7
What is the ten millions digit of 16241730?
1
What is the tens digit of 419487393?
9
What is the thousands digit of 56017665?
7
What is the tens digit of 163025573?
7
What is the units digit of 455122989?
9
What is the units digit of 3798680180?
0
What is the hundreds digit of 394641114?
1
What is the billions digit of 1632154170?
1
What is the thousands digit of 41158935?
8
What is the millions digit of 262116171?
2
What is the units digit of 68903865?
5
What is the thousands digit of 24205905?
5
What is the units digit of 1995453705?
5
What is the millions digit of 137524992?
7
What is the hundreds digit of 244269043?
0
What is the millions digit of 649094939?
9
What is the millions digit of 79813592?
9
What is the units digit of 490925030?
0
What is the hundred thousands digit of 668734460?
7
What is the millions digit of 645027396?
5
What is the units digit of 595238447?
7
What is the ten millions digit of 163009750?
6
What is the millions digit of 307015305?
7
What is the hundred thousands digit of 844001539?
0
What is the ten thousands digit of 115330875?
3
What is the millions digit of 74329966?
4
What is the millions digit of 875677872?
5
What is the hundreds digit of 299555014?
0
What is the millions digit of 514574229?
4
What is the hundred thousands digit of 624706779?
7
What is the thousands digit of 215265527?
5
What is the thousands digit of 80359364?
9
What is the hundreds digit of 271699084?
0
What is the ten thousands digit of 2071167938?
6
What is the ten millions digit of 22227844?
2
What is the thousands digit of 575526616?
6
What is the units digit of 66728545?
5
What is the hundred millions digit of 185975196?
1
What is the hundreds digit of 331028452?
4
What is the hundred thousands digit of 482233838?
2
What is the thousands digit of 4668768?
8
What is the thousands digit of 338695530?
5
What is the tens digit of 952896739?
3
What is the hundred thousands digit of 4563821001?
8
What is the tens digit of 44109775?
7
What is the thousands digit of 218209029?
9
What is the hundred millions digit of 218623351?
2
What is the ten millions digit of 286946193?
8
What is the ten thousands digit of 43842881?
4
What is the ten thousands digit of 18312293?
1
What is the thousands digit of 488804357?
4
What is the ten thousands digit of 7741066539?
6
What is the billions digit of 2794828435?
2
What is the hundred millions digit of 479523764?
4
What is the tens digit of 1941474416?
1
What is the tens digit of 164596906?
0
What is the ten thousands digit of 165757891?
5
What is the thousands digit of 103751585?
1
What is the hundred millions digit of 414712183?
4
What is the hundreds digit of 92109553?
5
What is the billions digit of 4352853195?
4
What is the hundred thousands digit of 2308859255?
8
What is the hundreds digit of 621414296?
2
What is the hundreds digit of 59847953?
9
What is the tens digit of 100987163?
6
What is the hundreds digit of 301306053?
0
What is the millions digit of 4654447418?
4
What is the ten thousands digit of 1890622307?
2
What is the hundred thousands digit of 293584511?
5
What is the ten thousands digit of 23285703?
8
What is the millions digit of 3879782196?
9
What is the units digit of 126552968?
8
What is the hundreds digit of 77512127?
1
What is the units digit of 447813594?
4
What is the millions digit of 466931593?
6
What is the millions digit of 1274371560?
4
What is the ten thousands digit of 2644316578?
1
What is the millions digit of 78368385?
8
What is the ten thousands digit of 18312023?
1
What is the millions digit of 976765131?
6
What is the hundred thousands digit of 2775760720?
7
What is the hundred thousands digit of 3394830038?
8
What is the hundred tho